{"id":33,"date":"2019-04-22T13:50:54","date_gmt":"2019-04-22T11:50:54","guid":{"rendered":"https:\/\/koerper-seele-praxis.de\/?page_id=33"},"modified":"2021-06-25T18:30:43","modified_gmt":"2021-06-25T16:30:43","slug":"impressum","status":"publish","type":"page","link":"https:\/\/koerper-seele-praxis.de\/?page_id=33","title":{"rendered":"Impressum"},"content":{"rendered":"\n<h3>Pflichtangaben nach \u00a7 5 Telemediengesetz<\/h3>\n\n\n\n<h4>Verantwortlich f\u00fcr den Inhalt:<\/h4>\n\n\n\n<div class=\"wp-block-image\"><figure class=\"alignright\"><img decoding=\"async\" loading=\"lazy\" width=\"150\" height=\"149\" src=\"https:\/\/koerper-seele-praxis.de\/wp-content\/uploads\/2019\/04\/der_ochse_gross-e1556036600555.png\" alt=\"Der Ochse\" class=\"wp-image-176\"\/><\/figure><\/div>\n\n\n\n<p>Dr. med. Mechthild Clara Thiele<br>L\u00e4rchenweg 4<br>83564 Soyen<br>Telefon: 0151-5572 3588<br>e-mail: praxis&nbsp;@&nbsp;thieleclara.de<\/p>\n\n\n\n<h4>Zust\u00e4ndige Kammer:<\/h4>\n\n\n\n<p><a href=\"http:\/\/www.blaek.de\/\">Bayerische Landes\u00e4rztekammer<\/a><\/p>\n\n\n\n<h4>Gesetzliche Berufsbezeichnung:<\/h4>\n\n\n\n<p>\u00c4rztin<br>Bundesrepublik Deutschland<\/p>\n\n\n\n<h4>Berufsrechtliche Regelungen:<\/h4>\n\n\n\n<p>Berufsordnung f\u00fcr die \u00c4rzte Bayerns<br>Den Gesetzestext finden Sie hier: <a href=\"http:\/\/www.blaek.de\/\">http:\/\/www.blaek.de\/<\/a><br><\/p>\n\n\n\n<h4>Quellenangaben f\u00fcr die verwendeten Bilder und Grafiken:&nbsp;<\/h4>\n\n\n\n<p>Clara Thiele und Christiane Duin<br>Die vorliegenden Inhalte des Internetauftritts sind urheberrechtlich gesch\u00fctzt. Alle Rechte sind vorbehalten. <br>\u00a9 mc 2005-2021<\/p>\n\n\n\n<h4><strong>Haftungsausschluss<\/strong><\/h4>\n\n\n\n<p>Die Autorin \u00fcbernimmt keinerlei Gew\u00e4hr hinsichtlich der inhaltlichen Richtigkeit, Genauigkeit, Aktualit\u00e4t, Zuverl\u00e4ssigkeit und Vollst\u00e4ndigkeit der Informationen. Haftungsanspr\u00fcche gegen den Autor wegen Sch\u00e4den materieller oder immaterieller Art, welche aus dem Zugriff oder der Nutzung bzw. Nichtnutzung der ver\u00f6ffentlichten Informationen, durch Missbrauch der Verbindung oder durch technische St\u00f6rungen entstanden sind, werden ausgeschlossen. Alle Angebote sind unverbindlich. Die Autorin beh\u00e4lt es sich ausdr\u00fccklich vor, Teile der Seiten oder das gesamte Angebot ohne gesonderte Ank\u00fcndigung zu ver\u00e4ndern, zu erg\u00e4nzen, zu l\u00f6schen oder die Ver\u00f6ffentlichung zeitweise oder endg\u00fcltig einzustellen.<\/p>\n\n\n\n<h4><strong>Haftung f\u00fcr Links<\/strong><\/h4>\n\n\n\n<p>Unser Angebot enth\u00e4lt Verweise und Links zu externen Webseiten Dritter, auf deren Inhalte wir keinen Einfluss haben und ausserhalb unseres Verantwortungsbereichs liegen. Deshalb k\u00f6nnen wir f\u00fcr diese fremden Inhalte auch keine Gew\u00e4hr \u00fcbernehmen und lehnen jegliche Verantwortung f\u00fcr solche Webseiten ab. Der Zugriff und die Nutzung solcher Webseiten erfolgen auf eigene Gefahr des Nutzers oder der Nutzerin. F\u00fcr die Inhalte der verlinkten Seiten ist stets der jeweilige Anbieter oder Betreiber der Seiten verantwortlich. Die verlinkten Seiten wurden zum Zeitpunkt der Verlinkung auf m\u00f6gliche Rechtsverst\u00f6sse \u00fcberpr\u00fcft. Rechtswidrige Inhalte waren zum Zeitpunkt der Verlinkung nicht erkennbar. Eine permanente inhaltliche Kontrolle der verlinkten Seiten ist jedoch ohne konkrete Anhaltspunkte einer Rechtsverletzung nicht zumutbar. Bei Bekanntwerden von Rechtsverletzungen werden wir derartige Links umgehend entfernen.<\/p>\n\n\n\n<h4><strong>Urheberrechte<\/strong><\/h4>\n\n\n\n<p>Die Urheber- und alle anderen Rechte an Inhalten, Bildern, Fotos oder anderen Dateien auf der Website geh\u00f6ren ausschlie\u00dflich Clara Thiele oder den speziell genannten Rechtsinhabern. Die Vervielf\u00e4ltigung, Bearbeitung, Verbreitung und jede Art der Verwertung ausserhalb der Grenzen des Urheberrechtes bed\u00fcrfen der schriftlichen Zustimmung des jeweiligen Autors bzw. Erstellers.<\/p>\n\n\n\n<p>Downloads und Kopien dieser Seite sind nur f\u00fcr den privaten, nicht kommerziellen Gebrauch gestattet. Soweit die Inhalte auf dieser Seite nicht vom Betreiber erstellt wurden, werden die Urheberrechte Dritter beachtet. Insbesondere werden Inhalte Dritter als solche gekennzeichnet. Sollten Sie trotzdem auf eine Urheberrechtsverletzung aufmerksam werden, bitten wir um einen entsprechenden Hinweis. Bei Bekanntwerden von Rechtsverletzungen werden wir derartige Inhalte umgehend entfernen.<\/p>\n\n\n\n<p>Der Nutzung von im Rahmen der Impressumspflicht ver\u00f6ffentlichten Kontaktdaten durch Dritte zur \u00dcbersendung von nicht ausdr\u00fccklich angeforderter Werbung und Informationsmaterialien wird hiermit ausdr\u00fccklich widersprochen. Die Betreiber der Seiten behalten sich ausdr\u00fccklich rechtliche Schritte im Falle der unverlangten Zusendung von Werbeinformationen, etwa durch Spam-Mails, vor.<\/p>\n\n\n\n<h4><strong>Quellen<\/strong><\/h4>\n\n\n\n<p>Impressumgenerator von <a rel=\"noreferrer noopener\" href=\"http:\/\/www.e-recht24.de\/\" target=\"_blank\">www.e-recht24.de<\/a><br><a rel=\"noreferrer noopener\" href=\"http:\/\/www.e-recht24.de\/muster-disclaimer.htm\" target=\"_blank\">Disclaimer<\/a>&nbsp;von eRecht24, dem Portal zum Internetrecht von Rechtsanwalt S\u00f6ren Siebert, Deutschland<\/p>\n","protected":false},"excerpt":{"rendered":"<p>Pflichtangaben nach \u00a7 5 Telemediengesetz Verantwortlich f\u00fcr den Inhalt: Dr. med. Mechthild Clara ThieleL\u00e4rchenweg 483564 SoyenTelefon: 0151-5572 3588e-mail: praxis&nbsp;@&nbsp;thieleclara.de Zust\u00e4ndige Kammer: Bayerische Landes\u00e4rztekammer Gesetzliche Berufsbezeichnung: \u00c4rztinBundesrepublik Deutschland Berufsrechtliche Regelungen: Berufsordnung f\u00fcr die \u00c4rzte BayernsDen Gesetzestext finden Sie hier: http:\/\/www.blaek.de\/ Quellenangaben f\u00fcr die verwendeten Bilder und Grafiken:&nbsp; Clara Thiele und Christiane DuinDie vorliegenden Inhalte des Internetauftritts &hellip; <\/p>\n<p class=\"link-more\"><a href=\"https:\/\/koerper-seele-praxis.de\/?page_id=33\" class=\"more-link\"><span class=\"screen-reader-text\">\u201eImpressum\u201c<\/span> weiterlesen<\/a><\/p>\n","protected":false},"author":1,"featured_media":0,"parent":0,"menu_order":0,"comment_status":"closed","ping_status":"closed","template":"","meta":[],"_links":{"self":[{"href":"https:\/\/koerper-seele-praxis.de\/index.php?rest_route=\/wp\/v2\/pages\/33"}],"collection":[{"href":"https:\/\/koerper-seele-praxis.de\/index.php?rest_route=\/wp\/v2\/pages"}],"about":[{"href":"https:\/\/koerper-seele-praxis.de\/index.php?rest_route=\/wp\/v2\/types\/page"}],"author":[{"embeddable":true,"href":"https:\/\/koerper-seele-praxis.de\/index.php?rest_route=\/wp\/v2\/users\/1"}],"replies":[{"embeddable":true,"href":"https:\/\/koerper-seele-praxis.de\/index.php?rest_route=%2Fwp%2Fv2%2Fcomments&post=33"}],"version-history":[{"count":27,"href":"https:\/\/koerper-seele-praxis.de\/index.php?rest_route=\/wp\/v2\/pages\/33\/revisions"}],"predecessor-version":[{"id":217,"href":"https:\/\/koerper-seele-praxis.de\/index.php?rest_route=\/wp\/v2\/pages\/33\/revisions\/217"}],"wp:attachment":[{"href":"https:\/\/koerper-seele-praxis.de\/index.php?rest_route=%2Fwp%2Fv2%2Fmedia&parent=33"}],"curies":[{"name":"wp","href":"https:\/\/api.w.org\/{rel}","templated":true}]}}